
Let n = 821 - 817. Suppose d + n*x = 8, -4*d - 3*x = 2*x + 1. Let w(r) be the third derivative of -r**4/8 + 2*r**3/3 - r**2. What is w(d)?
16
Let w(y) = -5 + 0*y**3 + y**3 + 0*y**3 + y + y**2. Let k be 140/40*(-1 + (-23)/(-7)). Suppose 5*s - 2 = 2*r + k, -5*r - 5*s = -10. What is w(r)?
-5
Let j(s) = -2*s**3 - 2*s**2 + s + 1. Let g be j(1). Let o be 0/g + 8/(7 + -3). Suppose -4*b + 5 = 2*v - v, -v + 1 = o*b. Let a(u) = -3*u - 3. Determine a(v).
6
Suppose -4 = 170*v - 171*v - 4*t, 2*v - 1 = -t. Let o(m) = m**3 + 2*m**2 + m - 26. What is o(v)?
-26
Let b(j) = -6*j**3 + j**2 - 3*j - 3. Suppose 30 = -5*m - 4*p, -31*p - 35 = 5*m - 26*p. Give b(m).
55
Let v(t) be the third derivative of t**5/120 + 7*t**4/24 - 5*t**3/6 + 124*t**2. Let a(n) be the first derivative of v(n). What is a(0)?
7
Let t(k) = k**2 + 8*k + 6. Let h(z) = -z**3 + 4*z. Let v be h(-2). Suppose -21*w + 40*w + 95 = v. Determine t(w).
-9
Let k = 233 + -231. Let x be 2 - 2/(-4)*k*-3. Let l(a) = 15*a**2 + 2*a + 1. Determine l(x).
14
Let b(q) = -q**3 + 14*q**2 - 8*q + 6. Let r be (21/(-42))/((-237)/78 + 3). Calculate b(r).
71
Let g(l) = 5*l**3 + 35*l**2 + 4*l + 5. Let v(i) = -i**3 - 5*i**2. Let f(d) = -g(d) - 6*v(d). Let u = 11 - 5. Determine f(u).
7
Let a(u) = 2 + 3 - 2 - 3*u - 1. Suppose -f = -z + 1, -4*z + 3*f + 301 - 296 = 0. Give a(z).
-4
Let d = -16 - -17. Let r(n) be the second derivative of 0 - 1/2*n**2 + 2/3*n**4 + 1/6*n**3 + n. Calculate r(d).
8
Let m = -13398 - -13395. Let f(k) = -2*k**2 + 0 - k**3 + 4 + 5*k + 0 - 1. Calculate f(m).
-3
Let n(a) = 6*a**2 + 2*a - 3. Let z(l) = -4*l**2 - l + 2. Suppose 13*q + 46 + 58 = 0. Let j(p) = q*z(p) - 5*n(p). Suppose -2*y - 1 = 1. Calculate j(y).
3
Let p(b) = -1782*b + 7. Let y be p(-3). Let u(q) = q - 5353 + y. What is u(-7)?
-7
Let y = 112 - 106. Suppose -3*x + 5 = 2*m, -5 = m - y*m. Let c(z) = 2 - 13*z**3 - z**2 - 2*z - 1 + 2*z**3 + 3*z**2. Calculate c(x).
-10
Let f(m) = -18*m - 82. Let n(a) = 12*a + 55. Let v(u) = -5*f(u) - 7*n(u). Give v(-8).
-23
Let w(r) = 6*r**2 - 6*r - 10. Let s be w(-5). Let m = -164 + s. Let o(b) = 2*b**2 - 13*b + 1. Give o(m).
-5
Let n(t) be the second derivative of -t**3/3 - 11*t**2/2 - 4*t - 27. Let g = 18 - 23. What is n(g)?
-1
Let l(o) be the third derivative of -o**6/360 + o**5/120 - o**4/3 - o**3 - 13*o**2 + 9. Let h(b) be the second derivative of l(b). Calculate h(-3).
7
Let p(m) = -m**2 + 7*m - 5. Let u(y) = 4*y - 56. Let c be u(7). Let n = 2 - 0. Let f be (2/n*1)/((-4)/c). What is p(f)?
-5
Let a = -786 + 519. Let n = -271 - a. Let x(m) = 0 + 3*m + 4 - 5. Give x(n).
-13
Let i(o) be the second derivative of 3/4*o**4 - 1/20*o**5 + 12*o + 3 - 1/6*o**3 + 5*o**2. Give i(9).
1
Let a(r) = 12*r**2 + 13742 + 7*r**3 - 13761 + 22*r - 6*r**3. Give a(-10).
-39
Let a(d) = -11*d**2 + 5*d + 11. Let s(j) = -5*j - 10 - 3282*j**2 + 3291*j**2 + j. Let f(o) = -5*a(o) - 6*s(o). Determine f(0).
5
Suppose -4 = -2*x, -b - 2*x = -x - 30. Suppose -4*n - b = 3*n. Let y(s) be the third derivative of -s**5/60 - s**4/24 + s**3/3 + 4*s**2. Give y(n).
-10
Let l = 137 + 344. Let d = 476 - l. Let q(b) = b**3 + 6*b**2 + 5*b. Determine q(d).
0
Let v(j) be the first derivative of 13*j**3/3 - j**2 + j - 1. Let i = 16304 + -16303. Give v(i).
12
Suppose 0 = -3*n - n + 108. Let f = n + -26. Let l(i) = -2*i**3 + 2*i**2 + 5*i - 3*i - 3*i. Calculate l(f).
-1
Let g(x) = -x**3 - 11*x**2 + 3*x - 1. Let z be 9/81 + ((-48)/(-54) - 12). What is g(z)?
-34
Let c(u) = 6*u - 1. Let q(i) = -25*i - 14. Let b(d) = -4*c(d) - q(d). Let x be ((-30)/(-2))/3 - (15 + 2). Give b(x).
6
Let o = 9 + -9. Suppose o = -3*s - 5*g - 13, -5*s + 42 = -3*g + 7. Let y(p) = -s + 6*p - 4*p - p. What is y(-6)?
-10
Let u(h) = -h + 10. Suppose c + 0*c + 3*n + 3 = 0, 0 = -4*c + 5*n + 73. Let b be 2/c + (-1219)/(-138). Determine u(b).
1
Let r(o) be the third derivative of 0*o + 1/2*o**3 + 3*o**2 + 10 + 7/24*o**4 + 1/60*o**5. Determine r(-8).
11
Let q(n) = -n**2 - 14*n + 14. Let z be -1 + ((-2)/4)/((-119)/(-1904)). Determine q(z).
59
Let w(a) = a - 15. Suppose 0 = 14*g - 0*g. Suppose g = -317*q + 323*q - 72. Calculate w(q).
-3
Let s(d) = d**3 + d**2 + 25. Let w = -65 - -40. Let m = 27 + w. Suppose -5*v + 0*v = m*v. Calculate s(v).
25
Let b = 19 + -13. Let d(x) be the second derivative of -x**4/12 + 4*x**3/3 - 7*x**2/2 - 1773*x. Determine d(b).
5
Let r(l) = 2*l**2 + 9*l - 79. Suppose 22 = 2*v + 3*a, -98*v + 103*v + 5*a - 45 = 0. What is r(v)?
16
Let g(b) = -2*b**3 + b**3 - 55*b + 296*b**2 - 2 + 59*b - 299*b**2 + 39*b. Give g(5).
13
Let k(n) be the first derivative of -n**4 - 4*n**3/3 - n**2/2 + 4*n - 1029. Calculate k(-2).
22
Suppose -g - 1 = -6, 2*g - 118 = -4*q. Let a be -1*6/q - (-65)/9. Let z(d) = -d**2 + 8 - 1 + d + 8*d - 2*d. Give z(a).
7
Suppose 121 = -25*l - 104. Let h(g) = -g**3 - 9*g**2 - 6*g - 17. Calculate h(l).
37
Let p = -15 + 20. Suppose 0*f = f - 2*z, 2*f - 5*z = -p. Let j(d) = 6*d + 2*d**2 + 3*d - f*d + 1 + d**2. Determine j(2).
11
Let f(v) = 2*v**3 + 0*v - v**3 - 1 + v. Suppose 2*r - 2*c = 336, 0*r + 4*c = -r + 173. Let p = -167 + r. What is f(p)?
9
Suppose -2*x + 20 = 4*l, 38*l = 39*l - 4. Let o(u) = -10*u + 16. Determine o(x).
-4
Let c be 3/(-2) - 15/(-2). Let d = -79 - -81. Let b(n) = 0*n**d + c - n**2 + n**3 + 5*n**2 - 5*n + 0*n**2. What is b(-5)?
6
Let y(z) be the first derivative of -3*z**2 + 2*z + 31. Suppose 35 = -4*x + 99. Let p(s) = -18*s + 6. Let c(r) = x*y(r) - 5*p(r). Give c(3).
-16
Let w(c) = c**2 + 14*c + 26. Let z(l) = -12*l**2 + 836*l + 268. Let y be z(70). Give w(y).
2
Let l(o) = o**2 - 7*o - 3. Let a(b) = 6*b**2 - 52*b - 55. Let u(n) = -a(n) + 5*l(n). Determine u(19).
2
Suppose 104 = -5*k + 4*l + 13, 3*l + 3 = 0. Let d(s) = s + 23. Determine d(k).
4
Let m = 22 - 15. Let b(d) = 475*d**2 - 238*d**2 + d**3 + 6*d**3 - 1 - 6*d**3 - 1 - 244*d**2. Calculate b(m).
-2
Let q(y) = -y**3 + 4*y**2 - 2*y + 5. Let o = -155 + 108. Let a = -23 - o. Suppose -a*r = -21*r - 12. Calculate q(r).
-3
Let h(y) = -y**3 + 9*y**2 - 2*y - 11. Suppose -t = 4*x + t - 42, -36 = -3*x - 3*t. Give h(x).
-29
Let c(h) = h**3 - 2*h + 5. Let x be c(-2). Let t(z) = x - 9 + 19*z + 0 - 23*z. Calculate t(-6).
16
Let o(n) be the third derivative of n**5/60 - 5*n**4/4 - 155*n**3/6 - 2*n**2 + 626. Determine o(35).
20
Let q = -1490 - -1494. Let w(b) = 12*b + 3*b**2 - q*b + 1 + 3*b - 10*b. Suppose -7 = r + 2*z, r + 4*z - 5*z - 2 = 0. Calculate w(r).
3
Let g(h) be the second derivative of -7*h**3/6 - h**2/2 - 35*h. Let p be 3 + (3 - (7 + -3)). Determine g(p).
-15
Let b(s) = s - 5. Let l = -2826 + 2816. Calculate b(l).
-15
Suppose -4*o + s = 5, -2*s + 10 = 5*o - 0*s. Let b be (-1 - (-2)/4)*o. Let x(a) = -17*a + 317. Let y(d) = -76*d + 1425. Let v(r) = 9*x(r) - 2*y(r). Give v(b).
3
Let w(a) = 12*a - 7275*a**2 + 12 + 14551*a**2 - 7279*a**2. What is w(-1)?
-3
Let m(z) be the second derivative of 5*z**3/6 - 8*z**2 - 2051*z. What is m(0)?
-16
Suppose 0 = 127*r - 128*r + 7. Let a(t) be the third derivative of -t**6/120 + 2*t**5/15 - 3*t**4/8 - t**3 + t**2. Give a(r).
-20
Let i(c) = 56*c + 113. Let l be i(3). Let m = 278 - l. Let y(g) = -3*g**2 + 3*g + 4. Determine y(m).
-32
Let y = 174 - 172. Let j(l) = -y + 9*l - 11*l + 2. Calculate j(-3).
6
Suppose -32*b - 16 - 37 = -85. Let i(o) = -10*o**3 - 5*o + 4. What is i(b)?
-11
Let d(y) be the second derivative of y**4/12 + 15*y**3/2 + 45*y**2/2 - 133*y - 1. Let b be d(-44). Let k(x) = -36*x**2 - x + 1. What is k(b)?
-36
Let q(t) be the second derivative of -t**5/20 - 7*t**4/12 - 3*t**3/2 - 3*t**2 + t + 19. Let b be q(-2). Let m(y) = -3*y - 19. Give m(b).
5
Let x(y) = y**2 + 4*y + 5. Let a be x(-2). Let c(z) = z**3 + z**2 + 1. Let f(w) = 6*w**2 + 5*w - 8. Let s(n) = a*f(n) + c(n). What is s(-6)?
-1
Let a(t) be the third derivative of 0*t - 1/60*t**5 - 16*t**2 + 7/6*t**3 + 0 - 1/24*t**4 + 1/360*t**6. Let y(f) be the first derivative of a(f). Give y(4).
7
Let j(s) be the second derivative of s**4/12 + s**3/3 + 5*s**2/2 + 2*s - 16. Give j(4).
29
Let y(h) = -3*h - 13. Suppose -25*z + 240 = -z. Suppose -z = 3*l + 11. Give y(l).
8
Let j(t) be the second derivative of -5*t**3/6 + 3*t**2 - 88*t + 6. Give j(-10).
56
Let y(t) = -t**2 + 14*t - 53. Suppose 3*z = -50*z - 100*z + 1836. Give y(z).
-29
Let h(f) = -13*f**2 - 195*f - 12. Let x be h(-15). Let o(v) = v + 4. Determ